f 32?
True
Is 5 a factor of 49425?
True
Does 25 divide 8908311?
False
Is 623500 a multiple of 290?
True
Is 358280 a multiple of 20?
True
Does 38 divide 6210912?
False
Does 159 divide 141510?
True
Is 67 a factor of 78122?
True
Is 40 a factor of 4474320?
True
Does 3 divide 158214?
True
Is 81 a factor of 529327?
False
Is 10 a factor of 94540?
True
Is 15215 a multiple of 179?
True
Is 1969 a factor of 12780832?
False
Does 320 divide 10266?
False
Does 26 divide 360204?
True
Is 191101 a multiple of 14?
False
Does 293 divide 160271?
True
Does 80 divide 4274545?
False
Does 1059 divide 7077297?
True
Does 22 divide 3118632?
True
Does 21 divide 107369?
False
Is 118225 a multiple of 52?
False
Does 32 divide 1089120?
True
Is 17 a factor of 345917?
False
Is 4608195 a multiple of 635?
True
Is 11199 a multiple of 2?
False
Is 17665 a multiple of 2?
False
Does 37 divide 499352?
True
Is 4 a factor of 24370?
False
Does 78 divide 678234?
False
Is 86055 a multiple of 21?
False
Is 5 a factor of 73520?
True
Is 2393966 a multiple of 59?
False
Does 4 divide 124899?
False
Is 658 a factor of 60585?
False
Is 2629088 a multiple of 484?
True
Does 3 divide 1582851?
True
Is 2339297 a multiple of 61?
False
Is 158663 a multiple of 96?
False
Is 235416 a multiple of 12?
True
Is 131 a factor of 169175?
False
Does 237 divide 2370?
True
Is 4185233 a multiple of 198?
False
Is 2716568 a multiple of 424?
True
Is 17 a factor of 617019?
False
Is 772 a factor of 3676264?
True
Is 16 a factor of 86975?
False
Is 141 a factor of 4473577?
False
Is 242 a factor of 1921383?
False
Does 135 divide 2277855?
True
Does 10 divide 1627494?
False
Is 38430 a multiple of 427?
True
Is 6 a factor of 514995?
False
Is 1118630 a multiple of 905?
False
Is 190850 a multiple of 1416?
False
Is 35402 a multiple of 8?
False
Is 81 a factor of 1449528?
False
Is 31553319 a multiple of 2551?
True
Is 35 a factor of 324205?
True
Is 29 a factor of 494537?
True
Does 10 divide 4651452?
False
Is 12 a factor of 257016?
True
Does 6 divide 121656?
True
Does 17 divide 523840?
False
Is 1797435 a multiple of 464?
False
Is 6 a factor of 79560?
True
Is 217336 a multiple of 21?
False
Does 511 divide 5001157?
True
Is 5227435 a multiple of 19?
False
Is 149 a factor of 1330509?
False
Does 31 divide 56607?
False
Is 189819 a multiple of 393?
True
Does 516 divide 1972152?
True
Does 504 divide 7435008?
True
Is 14587677 a multiple of 369?
True
Is 5 a factor of 148910?
True
Is 20 a factor of 221427?
False
Is 519 a factor of 7037121?
True
Is 361144 a multiple of 14?
True
Is 5438330 a multiple of 62?
True
Does 7 divide 172174?
False
Does 16 divide 12193?
False
Is 262847 a multiple of 13?
True
Is 195 a factor of 40143?
False
Does 1410 divide 11722574?
False
Is 1428284 a multiple of 6?
False
Is 2985461 a multiple of 173?
True
Is 65 a factor of 12805?
True
Is 3 a factor of 6589?
False
Is 99 a factor of 1131372?
True
Is 943206 a multiple of 22?
True
Does 13 divide 17215?
False
Is 111 a factor of 3971469?
True
Does 40 divide 22800?
True
Is 113 a factor of 1138731?
False
Does 9 divide 182043?
True
Does 16 divide 157856?
True
Is 2 a factor of 976104?
True
Does 15 divide 11070?
True
Is 19 a factor of 153349?
True
Does 364 divide 53578?
False
Does 28 divide 6014519?
False
Is 49 a factor of 89768?
True
Does 8 divide 117131?
False
Does 170 divide 702780?
True
Does 2267 divide 12246334?
True
Does 13 divide 2718404?
True
Does 47 divide 662982?
True
Does 65 divide 1680845?
False
Is 2008314 a multiple of 322?
True
Is 108048 a multiple of 4?
True
Is 12 a factor of 7820574?
False
Is 80 a factor of 103520?
True
Is 101920 a multiple of 65?
True
Does 116 divide 12064?
True
Does 180 divide 2906640?
True
Is 121 a factor of 420959?
True
Is 248759 a multiple of 121?
False
Does 16 divide 110013?
False
Is 28 a factor of 994560?
True
Does 16 divide 10128?
True
Is 142 a factor of 1624087?
False
Does 5 divide 19819?
False
Does 75 divide 34047?
False
Does 14 divide 132884?
False
Is 3703 a multiple of 7?
True
Is 168 a factor of 362846?
False
Is 253 a factor of 371151?
True
Is 310 a factor of 484159?
False
Does 4 divide 54580?
True
Is 101 a factor of 48658?
False
Is 53151 a multiple of 21?
True
Does 92 divide 86480?
True
Is 269264 a multiple of 8?
True
Is 1328274 a multiple of 109?
True
Is 15 a factor of 410355?
True
Is 13 a factor of 2852?
False
Does 2 divide 4020?
True
Is 37 a factor of 23673608?
False
Is 2369350 a multiple of 25?
True
Is 21 a factor of 3690883?
False
Is 1116 a factor of 4687200?
True
Is 120 a factor of 1683120?
True
Is 109 a factor of 23719?
False
Is 52022 a multiple of 4?
False
Is 1057953 a multiple of 13?
True
Is 470000 a multiple of 16?
True
Is 427 a factor of 5333584?
False
Is 191293 a multiple of 375?
False
Does 184 divide 22080?
True
Does 294 divide 992838?
True
Does 40 divide 156280?
True
Is 361 a factor of 6412970?
False
Is 1150840 a multiple of 4?
True
Is 201 a factor of 623027?
False
Is 583 a factor of 1430387?
False
Is 100 a factor of 13487200?
True
Is 3459440 a multiple of 10?
True
Is 412387 a multiple of 7?
False
Does 117 divide 89060?
False
Is 21 a factor of 9639?
True
Does 124 divide 277264?
True
Is 12 a factor of 433269?
False
Is 117 a factor of 10975?
False
Is 563034 a multiple of 72?
False
Is 223881 a multiple of 71?
False
Does 665 divide 7273105?
True
Is 486518 a multiple of 115?
False
Is 1323747 a multiple of 6?
False
Is 1063488 a multiple of 8?
True
Is 325 a factor of 4238996?
False
Is 128257 even?
False
Does 152 divide 517712?
True
Is 5 a factor of 2890415?
True
Is 91 a factor of 1177224?
False
Does 27 divide 19381140?
True
Is 104373 a multiple of 3?
True
Is 942337 a multiple of 3?
False
Does 47 divide 749376?
False
Does 82 divide 218038?
True
Does 23 divide 41358?
False
Does 33 divide 1419?
True
Does 17 divide 739374?
False
Does 474 divide 12001959?
False
Is 16019 a multiple of 4?
False
Is 196 a factor of 5180704?
False
Is 1102613 a multiple of 41?
True
Is 85 a factor of 9605?
True
Does 175 divide 192896?
False
Is 8 a factor of 361745?
False
Does 19 divide 819522?
False
Is 49903 a multiple of 130?
False
Is 3527 a multiple of 23?
False
Is 59 a factor of 690300?
True
Is 101650 a multiple of 190?
True
Is 23 a factor of 230161?
True
Is 148428 a multiple of 7?
True
Is 206086 a multiple of 16?
False
Does 86 divide 482846?
False
Is 63 a factor of 46220?
False
Is 866 a factor of 5001150?
True
Is 125 a factor of 173928?
False
Does 23 divide 278852?
True
Does 5 divide 1634690?
True
Does 14 divide 47978?
True
Is 215 a factor of 572373?
False
Is 72530 a multiple of 23?
False
Is 15 a factor of 155578?
False
Is 196137 a multiple of 512?
False
Does 6 divide 129096?
True
Is 14508 a multiple of 7?
False
Is 21 a factor of 175721?
False
Is 15 a factor of 141929?
False
Is 3574727 a multiple of 1079?
True
Is 254 a factor of 70612?
True
Is 286110 a multiple of 99?
True
Is 2 a factor of 10677?
False
Does 275 divide 1956350?
True
Is 2 a factor of 15882?
True
Does 8 divide 62224?
True
Is 1424744 a multiple of 725?
False
Is 514485 a multiple of 45?
True
Is 55 a factor of 1186868?
False
Does 116 divide 118900?
True
Is 236 a factor of 322376?
True
Does 10 divide 1470191?
False
Is 2436896 a multiple of 626?
False
Is 270133 a multiple of 14?
False
Is 26 a factor of 1352000?
True
Does 72 divide 602096?
False
Does 19 divide 187882?
False
Is 2706140 a multiple of 16?
False
Does 195 divide 219262?
False
Is 296700 a multiple of 345?
True
Is 334 a factor of 1941969?
False
Does 531 divide 492347?
False
Is 131926 a multiple of 19?
False
Does 46 divide 664378?
True
Does 9 divide 34101?
True
Does 21 divide 459624?
False
Does 5 divide 1111865?
True
Is 1408188 a multiple of 12?
True
Is 22 a factor of 20570?
True
Is 23 a factor of 1661221?
True
Is 435864 a multiple of 143?
True
Is 14029547 a multiple of 329?
True
Does 17 divide 371926?
True
Does 11 divide 3933732?
True
Is 4 a factor of 462868?
True
Does 2047 divide 13989722?
False
Is 29 a factor of 69082?
False
Is 33 a factor of 4621356?
False
Is 25 a factor of 146825?
True
Does 15 divide 188460?
True
Is 13 a factor of 1401543?
True
Is 756 a factor of 82404?
True
Is 11 a factor of 5847?
False
Is 691 a factor of 1511217?
True
Is 15 a factor of 378900?
True
Is 25 a factor of 1793375?
True
Is 254 a factor of 2975864?
True
Is 